) - -4)
-1
What is the value of -32 + 26 - (1 + 0 - 2)?
-5
Calculate (151 - 152) + (2 + -2 - -4).
3
What is (-1 - 0 - 1) + (-248 - -248)?
-2
Calculate -7 + (7 - (11 + -7)).
-4
Calculate -4 - (0 + (-1 - -2)).
-5
Evaluate 3 + -1 - (-22 - -21).
3
1 + (1 - 4) + 2
0
What is the value of 3 - (2 + (-2 - -6))?
-3
Evaluate (-9 - -1) + -8 - -13.
-3
What is 2 - 8 - (2 - 7)?
-1
What is the value of -3 + -3 + 6 + -5?
-5
What is -4 + -1 + -1 + (8 - 5)?
-3
1 + -2 + (-8 - -4)
-5
What is the value of 7 + -2 + 2 - 2 - 2?
3
Calculate -1 - (10 + -4) - -8.
1
1 - 11 - (-12 + 2 + 5)
-5
What is (1 - (-2 - 2)) + -2 + 6?
9
Evaluate 2 - (3 + -1) - 4.
-4
Calculate 1 - (2 - (8 - 3 - 1)).
3
1 - 6 - (10 + -13)
-2
What is 2 + -2 - ((12 - 6) + 0)?
-6
-2 + (-49 - -47 - (-3 - 1))
0
Calculate -4 - -1 - (-7 + 5 - 0).
-1
Calculate 1 + 0 - 2 - (3 + -8).
4
What is -10 + 2 + -1 + 2 + 4?
-3
Calculate -2 + (-7 - (-8 - -4)).
-5
Evaluate 6 - (1 + (3 - (-1 + 2))).
3
Evaluate (-4 + (6 - 4) - -2) + 4.
4
Evaluate (-2 - -5) + 5 + -3.
5
Evaluate (146 - 149) + -7 + 1.
-9
What is the value of (-6 - 0) + -8 + 13 + -8?
-9
1 + -1 - 3 - (17 + -19)
-1
0 + (17 - (2 + 11))
4
What is -3 + (3 - (4 - 5)) + 1?
2
What is the value of 1 - 0 - (-7 - -3)?
5
What is the value of 0 - (6 + -3 + -5)?
2
Evaluate 7 - (10 + -2) - -4.
3
4 + 3 + 3 + -4
6
What is the value of 3 + 0 + -4 + 0?
-1
Evaluate 19 - 27 - -11 - (2 - -1).
0
((-3 - -5) + -3 - 5) + 1
-5
Evaluate 4 + (-3 - (-4 - -1)).
4
Evaluate 2 + 1 + -12 + 12.
3
(-5 - (3 + -4)) + 1 + 8
5
2 + -4 + (-2 - (3 - 9))
2
(-10 - (-11 - 10)) + -9
2
What is the value of -4 - (-1 - (-3 - -3) - 2)?
-1
(-3 - 1) + (5 - 3)
-2
Calculate 3 - (6 + -14 + 6).
5
What is 0 + (5 - 1) - -1?
5
What is 1 - -6 - (1 + (8 - 6))?
4
Calculate 9 - ((-1 - 4) + 8).
6
Calculate 3 - (3 - (0 - -2)).
2
What is 1 + -16 + -13 + 15 - -7?
-6
Calculate -3 + -3 + -1 + 6 + 3.
2
(3 + -6 - (2 + -6)) + 4
5
Evaluate (4 - -5) + -9 - -4.
4
What is the value of -20 + 3 + 11 + -1 + 7?
0
-4 + (-10 - -11) + 0 + 2
-1
What is 2 + -1 + (1 - (2 + -2))?
2
Evaluate (22 - 16) + -4 + 1 + -4.
-1
Calculate (3 + -2 - (-2 - -2)) + -3.
-2
What is 4 - 2 - (0 - -8)?
-6
What is the value of (2 - -1) + (1 - (1 - -7))?
-4
Calculate (-2 - -5 - 6) + (-4 - -7).
0
Calculate (-19 - -15) + -1 + 5 - 3.
-3
Evaluate -9 + -2 - (86 - 94).
-3
-23 + 18 - (-8 + 1)
2
Calculate -12 + (6 - -9) + -10.
-7
What is 8 + 3 + -12 - (-7 + 1)?
5
What is the value of 1 - 0 - (3 - (-2 - -2))?
-2
10 - (23 + -9 + 1 - 7)
2
1 - ((1 - 4) + (-2 - -2))
4
(-3 - -2) + -4 + (-13 - -12)
-6
Evaluate (3 - 8) + 2 + 1.
-2
3 - (7 + 0 + 1 + -3)
-2
Evaluate -7 - -13 - (0 - (0 - 9)).
-3
What is (3 - (-8 + 11)) + 0?
0
What is 1 + -1 + (2 - (4 - -1))?
-3
(16 - 9) + 1 + -8
0
-1 + -7 + -12 + 17 - 4
-7
Calculate 7 - (-6 - -10 - -6) - 5.
-8
Evaluate 7 - ((4 - 0) + 5).
-2
What is (-9 - (5 + -3)) + (10 - 6)?
-7
-1 + 17 - (53 - 44)
7
-7 + 4 + 3 + 3
3
What is the value of 1 + 6 + -5 - -1?
3
-8 - (-14 - (1 - 11))
-4
What is the value of -81 + 81 - (2 - 7)?
5
Calculate 5 - 19 - (0 - 8).
-6
(-5 - (-2 - -6)) + 3
-6
Calculate (3 + 0 - -4) + -4.
3
What is 2 + (-3 - (5 - 3)) + 4?
1
What is the value of -9 + 1 + 8 - 6?
-6
6 - (10 - (3 - -2))
1
What is the value of -7 - (5 + -10 + -10 + -2)?
10
Calculate (2 - (6 - (6 - 3))) + -5.
-6
29 + -34 - (0 + -1)
-4
Calculate 16 + (-2 + 5 + -4 - 7).
8
Evaluate 3 - (5 + -3) - (-1 - -1).
1
Evaluate (-2 - (-3 - 2) - 1) + -4.
-2
What is 2 + -2 + 2 + -1?
1
What is the value of -1 - -1 - (0 + -7 + 4)?
3
What is the value of 8 + 0 - (6 + 6)?
-4
What is the value of 9 - (-7 - -5 - -5)?
6
(15 + -3 - 6) + -1
5
What is 0 + (8 - 12) + 10?
6
Calculate -5 - (-6 - (7 + -6)) - 13.
-11
-4 + 9 + -18 + 8
-5
What is 5 + (-5 - (3 - 0))?
-3
What is the value of 4 - (1 + 9) - (-5 + 0)?
-1
Evaluate -2 - 1 - (2 + (-9 - -3)).
1
What is the value of (12 - 13) + (-4 - -1)?
-4
What is the value of -5 - (-6 + 0) - (11 - 5)?
-5
5 + (-9 - (-3 + -6))
5
4 - (-3 - (-9 + 3))
1
What is the value of 3 + -3 - 5 - -4?
-1
11 + -15 - (-4 + 5)
-5
Calculate -6 + 5 - (-6 - -1).
4
Calculate 7 - (1 + (3 + -5 - -6)).
2
What is (4 - -1) + -9 - -5?
1
Calculate 44 + -41 - (-1 - (-3 - 2)).
-1
Evaluate -9 + 8 - (-1 - 2).
2
-3 + -2 + -2 + 8
1
What is the value of -10 - (7 - 1 - 16)?
0
(-2 + -1 - (4 - 5)) + -3
-5
What is 2 + -8 + 6 - -3?
3
Calculate -5 - (2 + -7 - -4).
-4
Calculate (-7 - -4) + 1 - (3 + -1).
-4
0 - ((1 - 5) + (5 - 5))
4
Calculate -2 - (-4 + 0) - 0.
2
6 + (8 - 6) + -4
4
-1 + -8 + (8 - -3) + 3
5
(5 - 2) + 0 + -15 + 7
-5
23 + -26 + 0 + 0 + 7
4
Evaluate 14 + 0 - (56 + -49).
7
What is 2 - 6 - (0 + -2)?
-2
What is -2 + 8 + (40 - 43)?
3
Calculate -2 - (4 - (3 + 1)).
-2
Calculate 1 - (0 - -1) - 4.
-4
What is -2 + -2 - 2 - -9?
3
Evaluate -1 - 6 - (6 - (8 + 1)).
-4
Calculate (-7 + -1 - -4) + 0.
-4
-4 + (-1 - -3) + 10
8
-4 + -1 + 0 + 6
1
Calculate 12 - 5 - (17 - 6).
-4
7 + -2 + -3 + (14 - 14)
2
What is (6 - 4) + (4 - -3)?
9
What is the value of -2 + 4 + 0 + -3 + 5?
4
(-1 - (-3 + -1)) + 2 + -1
4
Calculate -7 + 3 - (1 - 1).
-4
What is (-2 - -2) + 0 - 4?
-4
Calculate -14 + 21 + -16 - -14.
5
(7 - (0 + 12)) + 5
0
Evaluate -4 + (-5 - (-1 + 6 + -6)).
-8
Evaluate -2 + 0 - (244 + -239).
-7
What is the value of -3 - (-7 - -11 - 16)?
9
Calculate (7 - 6) + 0 + -1 + 5.
5
Evaluate (-7 - -1) + 10 - -1.
5
What is the value of 4 + -1 - 2 - (-7 + 6)?
2
Calculate 26 - 21 - (-2 + 12).
-5
Calculate 2 + 0 - 3 - 4.
-5
Calculate 7 - (-1 - -7) - (1 + -5).
5
(-2 - 2) + 7 - 4
-1
What is the value of 0 - 8 - (-37 + 30)?
-1
Calculate -7 - (7 + 2 + -18).
2
Calculate 3 - (-8 + 18 + -6).
-1
What is the value of 1 + -6 + 2 + 7?
4
Calculate 4 + (-3 - 0) + 4 - 1.
4
-1 + 0 + -12 + 10
-3
(-1 - 1) + (9 - 7)
0
Calculate -3 + (-7 - -5) + 2 + 6.
3
What is (-7 - 2) + (16 - 11)?
-4
-1 - (0 - (-5 - (-6 + 1)))
-1
Evaluate (-3 - -9) + 0 + -1.
5
Evaluate -2 + 15 - 4 - 4.
5
What is -5 + 4 + 2 - (8 + -3)?
-4
What is 5 - ((14 - 8) + 4)?
-5
What is the value of (0 + -3 - (-6 + 8)) + 2?
-3
What is 5 + (1 - (6 + -4))?
4
Calculate 7 - ((0 - -5) + -3).
5
0 + (7 - (5 - (5 - 2)))
5
Evaluate -8 + 10 + 4 + -7.
-1
Calculate 12 - 9 - (-1 - -1).
3
Evaluate -4 - (0 + (4 - 3)).
-5
What is the value of -3 - 2 - (-6 + 2)?
-1
What is the value of (-2 - -1) + (4 - 4)?
-1
Evaluate -1 + 0 + (-19 - -22).
2
Calculate -6 + (-2 - 1) + 0.
-9
What is the value of -3 - (5 + (13 - 20))?
-1
Evaluate 13 + -11 + 0 + -9.
-7
9 + -4 - 2 - 5
-2
Calculate (-17 - (0 - 10)) + 6.
-1
What is the value of 0 - (-5 - (2 - 7 - -6))?
6
What is the value of -6 - (-10 - -6) - -3?
1
Calculate 4 - (5 + 5 + -4).
-2
What is the value of 4 - (0 - (-4 - 0) - 2)?
2
-5 + 1 + -3 - (10 + -12)
-5
Evaluate -24 + 23 + 3 + 1 - 1.
2
2 + (0 + (5 - 5) - -2)
4
What is the value of -5 + -1 - (-2 + -7 + 4)?
-1
(1 - -4) + (27 - 36)
-4
(-7 - -8) + 9 - 5
5
Calculate (1 + 0 - 1) + 2 + -5.
-3
What is -8 + (3 - 1) - (15 + -11)?
-10
44 + -47 - (1 + 1)
-5
4 - (-9 - -4 - -5)
4
Evaluate -8 + 3 + -17 + 18.
-4
Evaluate -12 - 0 - (-5 - 2).
-5
Calculate -11 - (1 - 8) - -9.
5
What is 2 + -3 + 8 + -6?
1
Calculate 2 + -6 + (-7 - (11 - 16)).
-6
Evaluate (-17 - -2) + -20 + 24 + 6.
-5
Calculate 2 + (-4 - 4) + 2.
-4
Evaluate (0 - (-2 + 4)) + -1.
-3
-3 + -5 + -1 - -4 - -5
0
What is -6 - 0 - (49 - 58)?
3
19 + (-10 - (0 + -6)) + -7
8
Evaluate 9 - (7 + 1) - 3.
-2
(3 - (-2 + 1)) + -7
-3
What is -3 - 3 - (-3 + 2)?
-5
-23 + 28 + (4 - 3)
6
What is 9 - 3 - 2 - 7?
-3
Calculate (-2 - -1) + 0 + -5.
-6
Calculate (-10 - (0 + -2)) + -107 + 115.
0
Evaluate (2 + 1 + -2 - 3) + 3.
1
What is the value of (0 - 5) + 36 + -31?
0
What is -3 + -3 + 6 + -3?
-3
What is the value of -12 + 1 - (-41 + 36) - 2?
-8
Evaluate (10 - -9 - 11) + -1.
7
Evaluate (-8 + 6 - 6) + 5.
-3
What is (-3 - -3) + 4 + -7 + 3?
0
Evaluate -6 - (1 + -5) - (3 + -1).
-4
-59 - -64 - (3 - (-2 + 1))
1
What is 6 + (2 - -1 - 4)?
5
What is -1 - (-1 - (-4 + 4) - 0)?
0
What is (0 - 0 - 2) + 42 + -38?
2
Calculate -7 + 5 - (0 - 8).
6
(0 - 0) + -1 + 5 + -8
-4
Evaluate -2 + -5 + 25 + -14.
4
Calculate (-1 - (-8 + 1)) + -93 + 88.
1
-15 + 10 - (-1 - 1 - 0)
-3
15 - 15 - (2 + 2 + 1)
-5
Calculate 3 + (-1 - 8) + 1 + 4.
-1
Evaluate (-8 - (1 - 4 - -1)) + 2.
-4
-1 + 8 + (-36 - -33)
4
Evaluate -1 + -1 + (0 - (4 + -7)).
1
Evaluate 4 + -6 + 5 + -5.
-2
(4 - 4) + (-6 - -1)
-5
What is 0 + -1 + 4 - 3?
0
Calculate -2 - (-1 +